) = d**2 + 6*d + 2. Let u be r(-6). Let c(v) = 1 + 0*v**u - 4*v**2 + 5*v**2 + n*v. What is c(-4)?
-7
Suppose -w - 4 = j, -3*j - 6 = -3*w + 6. Let l(g) = w*g - 10 + 2*g**3 - 2*g**2 + 9 + 0*g. Determine l(2).
7
Let n be (-16)/(-24) + (-8)/(-6). Let s(b) = 1 - 5*b - n + 3*b. Determine s(1).
-3
Let u(t) = 2 - 6*t + t**3 + t**2 + 4*t - 1. Suppose -5*s + 4*c = -56 + 21, 0 = -5*s - 2*c + 5. Suppose s + 1 = -2*k. What is u(k)?
1
Let f(l) = -3*l - l + 43 - 79 + 2*l**2 + 38. Determine f(3).
8
Let h(r) = r - 2. Suppose g + o = -g - 11, 0 = 2*g + 3*o + 21. Give h(g).
-5
Let k(w) = -w**2 + 5*w + 2. Let a(n) = -n**3 - 6*n**2 - 4*n. Let g be a(-5). Let f = -1 - g. Suppose 2*p - 2 = -2*x, 2*p + f = -x - 0. Determine k(x).
-4
Suppose 0 = -5*c + 65 - 30. Let f(p) = p**2 - 7*p - 6. Give f(c).
-6
Let y(c) = c**3 - 8*c**2 + 8*c - 10. Suppose k - 4 - 3 = 0. What is y(k)?
-3
Let k = 6 - 9. Let q(n) = 9*n**2 - 15*n - 1. Let r(y) = -4*y**2 + 7*y + 1. Let w(z) = k*q(z) - 7*r(z). Determine w(5).
1
Let v(p) be the third derivative of -1/3*p**3 + 0*p + 0 + 1/6*p**4 - 4*p**2. Give v(2).
6
Let j(o) be the second derivative of o**3/3 - 5*o**2/2 + 18*o. Calculate j(8).
11
Suppose 4*a = 6*a - 20. Let x = a + -7. Let m(k) = -2*k + x*k - 4*k + 4*k - 4. Calculate m(3).
-1
Let u be 2*(3/(-2) + 0). Let k be (-4)/u*(1 - -2). Let a(v) = 8*v + 2. Let b(i) = 7*i + 2. Let p(j) = 6*a(j) - 7*b(j). Give p(k).
-6
Let y be (5/10)/(3/(-6)). Let m(a) = -4*a**2 + 1. Calculate m(y).
-3
Let y(j) = j**2 + 4*j - 2. Suppose 0*g - 30 = -3*g. Let o = g - 15. Calculate y(o).
3
Let p = -8 - -4. Let y(x) = -6 - 2*x + 14*x - 4*x**2 - 4*x + 7*x. Let u(r) = -r**2 + 5*r - 2. Let l(a) = -7*u(a) + 2*y(a). What is l(p)?
6
Let s(r) = -r**2 - 6*r - 7. Let g = 4 + -10. Give s(g).
-7
Let y(h) = h**3 + h**2 + h - 6. Let t(n) = 2*n + 6*n**3 - 5*n**3 - 3*n. Let l be t(0). Calculate y(l).
-6
Let i(g) = 2*g**3 + 2*g - 7*g**2 - 6*g**2 - 3*g**2 + 18*g**2 + 1. Determine i(-2).
-11
Suppose -1 - 3 = 2*t. Let z = t + 3. Let k(r) = 7*r**2. Give k(z).
7
Let j(n) be the first derivative of -n**5/20 - n**3/6 - 9*n**2/2 - 4*n - 3. Let a(m) be the first derivative of j(m). Give a(0).
-9
Suppose 30 = -10*n - 20. Let q(o) = o**3 + 4*o**2 - 2*o + 7. Determine q(n).
-8
Let b(j) = 3*j**2 + j + 3. Suppose 0*p = 4*p - 4*u + 12, p = -4*u + 2. Let c(v) = 13*v**2 + 3*v + 12. Let g(o) = p*c(o) + 9*b(o). Determine g(-5).
13
Let o(x) = -3 + 4*x - 3*x + 0. What is o(0)?
-3
Let z be 9/2*(-28)/21. Let x(w) = w**3 + 6*w**2 - 2*w + 7. Calculate x(z).
19
Let k(m) be the second derivative of m**3/6 + 5*m**2/2 - 3*m. Give k(-7).
-2
Let g(w) be the third derivative of -w**4/24 - 18*w**2. Let b = -5 + 8. What is g(b)?
-3
Let i(m) = 2*m - 1 - 1 - 5*m. Suppose 62*n = 63*n - 2. Determine i(n).
-8
Let r(y) = -y - 4. Let f(b) = -3*b**2 - 4*b + 1. Let o be f(-3). Let j = o + 35. Suppose -j + 5 = 4*z. What is r(z)?
0
Suppose -7*b = -10*b + 15. Let r(z) = z. Let t(j) = j**2 - 2*j - 1. Let s(n) = -5*r(n) + t(n). What is s(b)?
-11
Let u(b) = -4*b + 3*b - 1 + 0*b + 4. What is u(5)?
-2
Let k = 66 - 131/2. Let s(g) be the second derivative of -3*g + 0 - k*g**3 - g**2. Calculate s(-3).
7
Let j(q) = -4*q**3 - 10*q**2 - 8*q - 6. Let z(x) = 7*x**3 + 19*x**2 + 16*x + 13. Let t(w) = -5*j(w) - 3*z(w). Determine t(-6).
3
Let r(p) be the third derivative of p**9/60480 + p**8/6720 - p**7/1260 - p**6/180 - p**5/20 + 5*p**2. Let g(z) be the third derivative of r(z). What is g(-4)?
-4
Let n(q) = 1. Let k(t) = -t - 2. Let i(j) = 2*k(j) + 3*n(j). Determine i(7).
-15
Let u(v) = -v**2 - 9*v + 5. Suppose 45 = -2*s - 3*s. Let p be u(s). Let w(o) = -o**2 + 6*o - 2. Give w(p).
3
Suppose 0 = -2*h - 2*h - 24. Let c = h - -8. Let y(v) = -16*v - 5. Let q(a) = -3*a - 1. Let g(m) = -11*q(m) + 2*y(m). Determine g(c).
3
Let d(y) = 3 + 9*y - y**2 - 3*y + 3 - 2*y. Let u = 5 + -1. Let i = 9 - u. Calculate d(i).
1
Let i(l) = -8*l + 1. Let q be i(1). Let f be (-4 + 5)*(q + 2). Let n(c) = -c**3 - 4*c**2 + 6*c - 5. Give n(f).
-10
Let z be 6/9 - 6/9. Let u(q) = -q**3 - q**2 + q + 1. Determine u(z).
1
Let w be 4/36*3*3. Let n(d) = -8*d**2 + 1. What is n(w)?
-7
Let z(o) = 8*o**2 + 1. Let y(b) = b**3 + 8*b**2 + 5*b - 9. Let k be y(-7). Suppose k = -3*p + 8*p. Calculate z(p).
9
Let z(t) = 2 - 3 - 3*t + 2*t. Let l(g) = -3*g - 3. Let b = -7 + 11. Let u(o) = b*l(o) - 9*z(o). Give u(-2).
3
Let h(c) = -c**3 - 6*c**2 - 4*c - 2. Let z(l) = 5*l + 15. Let r be z(-4). Give h(r).
-7
Let l(f) = 3 - 14 + 2 - 4*f. Give l(-6).
15
Let f(z) be the second derivative of z**3/3 + 9*z. What is f(1)?
2
Suppose 3*z = 6*z - 24. Let y(x) = -x**2 + 10*x - 7. Give y(z).
9
Let b(u) = 7*u**3 - 11*u**2 + 4*u. Let i(y) = 6*y**3 - 10*y**2 + 3*y. Let n(j) = -5*b(j) + 6*i(j). Calculate n(5).
-10
Suppose 9 = 4*x - 7. Let s(b) be the third derivative of 1/60*b**5 + 0*b + b**3 + 0 + 1/6*b**x + 2*b**2. What is s(-5)?
11
Suppose 4*v + 1 = 2*p - 13, 2*p = 5*v + 16. Let x(s) = -3*s**3 - 2*s**2 + 3*s + 3. Calculate x(v).
13
Let g = 16 - 23. Let y(c) = -2*c - 7. Determine y(g).
7
Suppose -5*f + 15 = -2*f. Let y(a) be the third derivative of 0*a**4 - 1/120*a**6 + 0 - 3*a**2 + 0*a + 1/60*a**f + 5/3*a**3. Calculate y(0).
10
Let g(o) = -o. Let t be g(-6). Let q(v) = 6*v**2 + 2*v**2 - 5*v**2 - 4*v**2 + 6*v. Give q(t).
0
Let t(d) = -d**3 - 7*d**2 - 8*d - 6. Suppose -5*r = 25 + 35. Let f be 75/r - 1/(-4). Calculate t(f).
6
Let f(o) be the second derivative of o**4/12 - o**3/6 - o**2 + 5*o. Suppose 6*y - 20 = y. Calculate f(y).
10
Let g(d) = 4 - 6 - 2*d**2 + 3*d**2 + 3*d. Let n be (-3)/4 + (-22)/(-8). Let c(p) = -2*p**2 + 3*p - 2. Let b be c(n). Calculate g(b).
2
Let u(w) = 3*w. Let b(y) = -y - 9. Let x be b(-5). Let l(z) = -2*z - 6. Let j be l(x). Let c be (-6 + 3)*j/3. Determine u(c).
-6
Suppose 5*d + 5 = -25. Let x(r) = r**3 + 5*r**2 - 9*r - 4. Calculate x(d).
14
Let w(c) = -7*c**2 + c - 2. Let y(s) = 4*s**2 + 1. Let t(l) = 3*w(l) + 5*y(l). What is t(3)?
-1
Let w(a) be the third derivative of 0*a - a**2 + 1/120*a**6 + 1/10*a**5 + 1/3*a**4 + 7/6*a**3 + 0. Suppose 3*x - 23 = 4*f, 4*x + 14 + 7 = -5*f. Calculate w(f).
-8
Let z(g) = -g + 5. Let q be z(0). Let x = q + -7. Let h(a) = 0*a + 0 - 1 - 3*a. What is h(x)?
5
Let j(l) be the first derivative of l**3/3 + 3*l**2 + 4*l + 9. Let d be j(-5). Let x(z) = -4*z. Calculate x(d).
4
Let r(l) be the second derivative of -l**5/20 - 3*l**2/2 + 4*l. Give r(0).
-3
Let a(j) = j**3 + j**2 + 3*j + 5. Let p(w) = -2*w**3 - w**2 - 3*w - 6. Let c(r) = -3*a(r) - 2*p(r). Let d be c(3). Let f(z) = z - 2. Give f(d).
4
Let i(d) = -d**3 + 5*d**2 + 6*d + 6. Let z be i(6). Let f be (-1)/3 - (-2)/z. Let y(r) = 4*r**2 + 2 - 5*r**2 - 1. What is y(f)?
1
Let l be 0 - (1 - (2 + -1)). Let u(t) = -5*t**2 - 8*t - 4. Let i(f) = -2*f**2 - 3*f - 1. Let o be 6/(-1) - (5 - 8). Let y(v) = o*u(v) + 8*i(v). Give y(l).
4
Let s(q) be the third derivative of q**4/24 - 2*q**2. What is s(-1)?
-1
Let o(f) = 2*f + 11. Let u(r) = r + 6. Let w(a) = 3*o(a) - 5*u(a). What is w(3)?
6
Let h(z) = z**2 + 5*z - 6. Suppose -5*v = -4*f + 9, 0 = -0*f + 5*f + 20. Calculate h(v).
-6
Let r be 4/(-6)*-3*2. Suppose -3 = r*l - 19. Let f(m) = -m. Let c(n) = 3*n + 5. Let d(v) = -c(v) - 2*f(v). Give d(l).
-9
Let g(u) = -2*u + 5. Let f(b) = -b + 2. Let c(p) = -5*f(p) + 2*g(p). Suppose -80 + 16 = 4*v. Let r = 18 + v. Give c(r).
2
Let s be 2/(-8) - (-1)/4. Suppose -g + 4*i - 15 = s, -4*i + 7 = 4*g - 13. Let p(z) = z - z**2 - z**2 - 2*z**2. Give p(g).
-3
Let h(b) = -3*b**2 + 3*b - 2. Let x(l) = l**2 + 1. Let v(s) = h(s) + 4*x(s). What is v(-3)?
2
Suppose x + 0*x = 4*u + 21, 5*x + 21 = -u. Let k(l) = l**2 + 8*l + 4. Determine k(u).
-8
Let n(t) = 0*t - 3*t + 4 - 2*t - 5. Give n(1).
-6
Let m(p) = -5*p**2 - 3*p + 5. Let y(u) = 4*u**2 + 2*u - 5. Let d(o) = 3*m(o) + 4*y(o). Let q be d(3). Let l(v) = 5*v**2 + v. Give l(q).
6
Let p(u) = -u - 1. Let z = -9 + 4. Give p(z).
4
Suppose 2*b + 2 = 8. Suppose 4 = -b*t + 22. Let h(g) = g**2 - 5*g - 1. Calculate h(t).
5
Let a = -103 - -100. Let x(k) = -k**2 - k + 4. Give x(a).
-2
Let z(s) be the first derivative of 2*s**3/3 + s**2 - 2*s - 2. Let g be z(-2). Let p(b) = -b**2 - 2*b + 3*b**g + 2 - 3*b. Determine p(3).
5
Let g(l) be the second derivative of -1/2*l**2 - 1/6*l**3 + 5*l + 0. Determine g(3).
-4
Let a(z) = -z**3 - 9*z**2 + 2. Let h be a